 13 + 523?
536
In base 13, what is -19cb65 + -4?
-19cb69
In base 7, what is 205532 - 5?
205524
In base 12, what is 15 + 38bb0?
39005
In base 15, what is -da7 - -14?
-d93
In base 13, what is 15 + -74bc?
-74a7
In base 2, what is 10001 + -11100000?
-11001111
In base 7, what is 22341 - -44?
22415
In base 12, what is 26 - 3374?
-334a
In base 12, what is 762 - 33?
72b
In base 5, what is -124 + 332124?
332000
In base 15, what is -3 + e288?
e285
In base 10, what is -56929 + -3?
-56932
In base 13, what is -3c01 - 2?
-3c03
In base 4, what is -1313113232 + 103?
-1313113123
In base 5, what is -12 - -11334?
11322
In base 11, what is 61 - -118?
179
In base 14, what is -24 - 6407?
-642b
In base 13, what is 5 + 58219?
58221
In base 4, what is 13 - -1033211?
1033230
In base 9, what is -22 + 1682?
1660
In base 10, what is -134526 + -5?
-134531
In base 12, what is 2 + 16790?
16792
In base 2, what is -111010 - 1111000?
-10110010
In base 11, what is -198 + 3aa?
212
In base 16, what is 552f1 - -4?
552f5
In base 15, what is 1 + 5812c?
5812d
In base 2, what is -10111010011011111 - -1?
-10111010011011110
In base 11, what is -3 - 12a92?
-12a95
In base 8, what is 1403 + -63?
1320
In base 2, what is 101110100100000010111 - -10?
101110100100000011001
In base 11, what is -2 + aa202?
aa200
In base 16, what is 3 - -3f85f?
3f862
In base 15, what is -a2 - -8d?
-14
In base 10, what is -264930 + -1?
-264931
In base 11, what is 285 - -24a5?
277a
In base 2, what is 101010111010101010101 - 100?
101010111010101010001
In base 16, what is -6 - 476b?
-4771
In base 12, what is 177 + 45a?
615
In base 9, what is -22 - -4057?
4035
In base 14, what is 3b2 - 37?
379
In base 12, what is -11 - 1771?
-1782
In base 9, what is -816 + -7?
-824
In base 15, what is 38e + -2d?
361
In base 16, what is 3fd + -75?
388
In base 16, what is -117 - -b5?
-62
In base 12, what is -19 - -1204a?
12031
In base 15, what is 2b0a + -b?
2aee
In base 3, what is -1011202022 + 10?
-1011202012
In base 3, what is 12000111 - -100?
12000211
In base 9, what is -1172545 + -2?
-1172547
In base 2, what is 11111011111000 - -1?
11111011111001
In base 8, what is 2031 - 5?
2024
In base 5, what is 4212423 - 2?
4212421
In base 15, what is 198de + -a?
198d4
In base 12, what is -56813 + 3?
-56810
In base 5, what is 1 - 131?
-130
In base 8, what is -1 + -10355?
-10356
In base 14, what is 62b + 285?
8b2
In base 3, what is 200 - 202110?
-201210
In base 11, what is 1563 + 20?
1583
In base 8, what is 2 + 111143?
111145
In base 10, what is -107745 + -7?
-107752
In base 11, what is 109 + -253?
-145
In base 6, what is 142 + -43114?
-42532
In base 3, what is 21 - -10201112012?
10201112110
In base 9, what is 2667 + 3?
2671
In base 4, what is -110221 + 203?
-110012
In base 5, what is 1340334 - -4?
1340343
In base 7, what is 14 + 34660?
35004
In base 12, what is 5 - 217684?
-21767b
In base 3, what is 10 - 22222?
-22212
In base 13, what is 2 - -5ca0?
5ca2
In base 4, what is 1020231 + -10?
1020221
In base 15, what is -94 - 569?
-60d
In base 13, what is -5a - 156?
-1b3
In base 12, what is 0 - aa760?
-aa760
In base 7, what is 1634403 - -6?
1634412
In base 13, what is -7b752 - -7?
-7b748
In base 12, what is -1305b3 + 3?
-1305b0
In base 16, what is 17ee - 42?
17ac
In base 10, what is -3 - 19938?
-19941
In base 8, what is -520577 + -5?
-520604
In base 2, what is -110000100100100 + -1010?
-110000100101110
In base 8, what is 1471611 + 3?
1471614
In base 7, what is -4555 + 251?
-4304
In base 9, what is 264 + -35375?
-35111
In base 6, what is 543421 - -4?
543425
In base 14, what is 6 - 556?
-550
In base 8, what is 1251 - -11?
1262
In base 11, what is 0 + 365a1?
365a1
In base 10, what is 1529 + -11?
1518
In base 8, what is -50622 + -51?
-50673
In base 12, what is 15 + -89a5?
-8990
In base 7, what is 203 - 120?
53
In base 7, what is 33426015 + 4?
33426022
In base 15, what is -c0b - 228?
-e34
In base 2, what is 1001 - -11010001110011?
11010001111100
In base 11, what is -6530 + -66?
-6596
In base 8, what is -1420 + -5732?
-7352
In base 3, what is 21221201 - 120?
21221011
In base 6, what is 3 - 333222?
-333215
In base 3, what is 1 + 2100020?
2100021
In base 6, what is -50024031 - 0?
-50024031
In base 6, what is -2443 - 10?
-2453
In base 11, what is -35308 - 8?
-35315
In base 13, what is 0 + -538c7?
-538c7
In base 6, what is -153 - -4525?
4332
In base 14, what is 77701 - 0?
77701
In base 2, what is -1 + 10101110001011?
10101110001010
In base 9, what is -14712 + 6?
-14705
In base 7, what is 311 - -1502?
2113
In base 16, what is -373e + -2?
-3740
In base 8, what is -34476 - 1?
-34477
In base 3, what is 110 + 2112102010?
2112102120
In base 11, what is -1162 + 17?
-1146
In base 4, what is 10 + -1011120011?
-1011120001
In base 11, what is 3 + -6a5a0?
-6a598
In base 2, what is 10011000110000111 + -101001?
10011000101011110
In base 14, what is -49 + 3aca?
3a81
In base 14, what is 0 - -2db8?
2db8
In base 2, what is 110111110 + -10011100?
100100010
In base 9, what is -18804 - -5?
-18788
In base 2, what is 10 + 111010010000101?
111010010000111
In base 10, what is -196 + -64?
-260
In base 5, what is 3 + -32122332?
-32122324
In base 3, what is 200012122 + 11?
200012210
In base 16, what is -63 + 28b?
228
In base 4, what is 1100231 - -221?
1101112
In base 8, what is -5 + -61175?
-61202
In base 3, what is 1122000202121 - 0?
1122000202121
In base 6, what is 210 + 103510?
104120
In base 6, what is -1 - -142054?
142053
In base 4, what is -22 + 112231203?
112231121
In base 7, what is 5632304 - -5?
5632312
In base 10, what is 2 + -71935?
-71933
In base 13, what is 214 + 10c?
323
In base 3, what is -211 + -11111111010?
-11111111221
In base 3, what is -12202 + -12121122?
-12211101
In base 13, what is 166 - -105?
26b
In base 6, what is 3 - 533113?
-533110
In base 3, what is -101 + 102022210?
102022102
In base 13, what is -4 - -58c?
588
In base 12, what is -2 + 26124b?
261249
In base 11, what is 90 - -152?
232
In base 16, what is -1 + -e8a8?
-e8a9
In base 3, what is 1012 - 1021002?
-1012220
In base 15, what is 339 - 1a?
31e
In base 15, what is 1039 - c4?
e65
In base 16, what is -563c - -4?
-5638
In base 11, what is 12665 - -3?
12668
In base 8, what is -5 - 11665?
-11672
In base 9, what is 338817 + -20?
338787
In base 15, what is 1bc4 - -5?
1bc9
In base 4, what is 1 + -10311010?
-10311003
In base 11, what is 21 + -1680?
-165a
In base 14, what is -b66 - -8?
-b5c
In base 5, what is 2102433 + -402?
2102031
In base 16, what is 4 - -ca222?
ca226
In base 16, what is 29ece - -5?
29ed3
In base 8, what is -7 + 10461?
10452
In base 2, what is -10011 + -111101111110110?
-111110000001001
In base 10, what is 20 - -1352?
1372
In base 2, what is -1000101000101 - 100?
-1000101001001
In base 16, what is -15 + -d15?
-d2a
In base 12, what is 706 + -95?
631
In base 2, what is -10110 - -100111110?
100101000
In base 9, what is 242773 - -5?
242778
In base 3, what is -2101001 + -1112?
-2102120
In base 12, what is -2 + -4a6a6?
-4a6a8
In base 7, what is -3 + -1420144?
-1420150
In base 7, what is 151211 + -2?
151206
In base 6, what is -2024 + 111?
-1513
In base 8, what is -244 - -124?
-120
In base 5, what is 1340324 + -1?
1340323
In base 9, what is 120812 + 5?
120817
In base 12, what is -126005 - -4?
-126001
In base 7, what is 3312 - -5?
3320
In base 12, what is -43274 + -1?
-43275
In base 11, what is -178a65 - -4?
-178a61
In base 9, what is 72868 + 2?
72871
In base 9, what is -137758 - -4?
-137754
In base 4, what is -120 - -230230133?
230230013
In base 7, what is -6 - -5324236?
5324230
In base 14, what is -73 - 29c?
-331
In base 4, what is 1 - -3003103330?
3003103331
In base 13, what is -6b8 - 70?
-758
In base 11, what is -2462 + 36?
-2427
In base 9, what is 4 + 22404?
22408
In base 11, what is -19 + -1162?
-1180
In base 16, what is 1d93 - -2?
1d95
In base 9, what is 4 + -17206?
-17202
In base 14, what is -13c63 + 9?
-13c58
In base 7, what is 55 - -622?
1010
In base 10, what is -48500 - -3?
-48497
In base 7, what is 1136 - 1324?
-155
In base 10, what is 2 + 27484?
27486
In base 8, what is -5 - -31113?
31106
In base 9, what is 32527 + 5?
32533
In base 16, what is e - 1637?
-1629
In base 6, what is 23355 + 10120?
33515
In base 15, what is 0 - 393c?
-393c
In base 5, what is 3 + -210300?
-210242
In base 8, what i